{"version":"1.0","type":"rich","width":"560px","height":"140px","title":"\u00dcber politisches Engagement - mit Kirsten Fr\u00fcndt, Landr\u00e4tin des Landkreis Marburg-Biedenkopf","url":"https:\/\/gelbecouch.de\/09-ueber-politisches-engagement\/","author_name":"Die Gelbe Couch - Der Wirtschafts- Podcast aus Mittelhessen","author_url":"https:\/\/gelbecouch.de","thumbnail_url":"https:\/\/gelbecouch.de\/wp-content\/uploads\/2025\/06\/dgc-cover-2025-scaled.jpg","html":"<iframe width=\"560px\" height=\"140px\" src=\"https:\/\/gelbecouch.de\/09-ueber-politisches-engagement\/?standalonePlayer\"><\/iframe>"}

Über politisches Engagement - mit Kirsten Fründt, Landrätin des Landkreis Marburg-Biedenkopf
