{"version":"1.0","type":"rich","width":"560px","height":"140px","title":"R\u00fcckzug aus dem Einzelhandel? - Anna unterwegs! - Heute gibt es eine Premiere auf der gelben Couch. Bereits letzte Woche habe ich mit unserer neuen Au\u00dfenreporterin Anna Spie\u00df \u00fcber ihr neues monatliches Podcast-Format gesprochen, das ab sofort einmal im Monat erscheinen wird.","url":"https:\/\/gelbecouch.de\/137-rueckzug-aus-dem-einzelhandel-dgc-reportage\/","author_name":"Die Gelbe Couch - Der Wirtschafts- Podcast aus Mittelhessen","author_url":"https:\/\/gelbecouch.de","thumbnail_url":"https:\/\/gelbecouch.de\/wp-content\/uploads\/2020\/05\/anna-kochanow-foto.1024x1024.jpg","html":"<iframe width=\"560px\" height=\"140px\" src=\"https:\/\/gelbecouch.de\/137-rueckzug-aus-dem-einzelhandel-dgc-reportage\/?standalonePlayer\"><\/iframe>"}

Rückzug aus dem Einzelhandel? - Anna unterwegs! - Heute gibt es eine Premiere auf der gelben Couch. Bereits letzte Woche habe ich mit unserer neuen Außenreporterin Anna Spieß über ihr neues monatliches Podcast-Format gesprochen, das ab sofort einmal im Monat erscheinen wird.
